{"id":7,"date":"2025-07-02T15:11:04","date_gmt":"2025-07-02T13:11:04","guid":{"rendered":"https:\/\/consulte.comune.torino.it\/consultafemminile\/?page_id=7"},"modified":"2025-08-28T10:06:19","modified_gmt":"2025-08-28T08:06:19","slug":"composizione","status":"publish","type":"page","link":"https:\/\/consulte.comune.torino.it\/consultafemminile\/composizione\/","title":{"rendered":"Composizione"},"content":{"rendered":"\n<p>L&#8217;attivit\u00e0 della Consulta \u00e8 coordinata dall&#8217;Ufficio di Presidenza e dal Comitato esecutivo:<\/p>\n\n\n\n<h3 class=\"wp-block-heading\">Presidente:<\/h3>\n\n\n\n<p><strong>Silvana FERRATELLO<br><\/strong>Moderati<\/p>\n\n\n\n<h3 class=\"wp-block-heading\">Vicepresidente:<\/h3>\n\n\n\n<p><strong>Maria Vittoria COLLI<br><\/strong>A.Do.C. Ass. Donne Capofamiglia<\/p>\n\n\n\n<h3 class=\"wp-block-heading\">Comitato esecutivo:<\/h3>\n\n\n\n<p><strong>Claudia APOSTOLO<br><\/strong>Sinistra Ecologista<br><strong>Monica NEGRO<br><\/strong>LIONS Club<br><strong>Teresa NICOLINI<br><\/strong>A.I.D.D.A. Ass. Imprenditrici Donne Dirigenti Azienda<br><strong>Beatrice RINAUDO<br><\/strong>Forza Italia<br><strong>Stefania PISANO<br><\/strong>Partito Democratico<\/p>\n\n\n\n<h3 class=\"wp-block-heading\">Fanno parte della consulta:<\/h3>\n\n\n\n<p>le Consigliere Comunali con diritto di voto solo per la rappresentante di maggioranza e la rappresentante di minoranza;<\/p>\n\n\n\n<p>le rappresentanti dei Partiti Politici e delle Organizzazioni Sindacali che abbiano richiesto di farne parte;<\/p>\n\n\n\n<p>le rappresentanti delle associazioni femminili, operanti sul territorio comunale da pi\u00f9 di un anno, che abbiano come scopo nello statuto e nelle attivit\u00e0 l&#8217;inserimento della donna nella societ\u00e0 e che abbiano richiesto di farne parte:<\/p>\n\n\n\n<p>A.D.E.I. &#8211; W.I.Z.O. Ass. Donne Ebree d&#8217;Italia<br>\nA.Do.C. Ass. Donne Capofamiglia<br>\nA.I.D.D.A. Ass. Imprenditrici Donne Dirigenti Azienda<br>\nA.I.D.I.A. Ass. Italiana Donne Ingegneri e Architetti<br>\nALMATERRA Centro Culturale Alma Mater<br>\nA.P.I.D. Ass. Imprenditorialit\u00e0 Donna<br>\nAS.SO. Associazione Solidale<br>\nC.I.F. Centro Italiano Femminile<br>\nD.I.V.A. Donne Volontarie Italiane Associate<br>\nDonne per la Difesa della Societ\u00e0 Civile<br>\nF.I.D.A.P.A. Federazione Italiana Donne Arti Professione Affari<br>\nFUTURO R.O.S.A. Ass. Tumori Femminili ONLUS<br>\nGADOS Gruppo Assistenza Donne Operate al Seno<br>\nLIONS Club<br>\nMOICA Movimento Italiano Casalinghe<br>\nPro Cultura Femminile<br>\nRADAR Club<br>\nSoroptimist International d&#8217;Italia<br>\nTelefono Rosa<br>\nTER Tempismo Energia Rinnovamento<br>\nU.C.D.G. &#8211; Y.W.C.A. Unione Cristiana Giovani<br>\nZONTA Club<\/p>\n","protected":false},"excerpt":{"rendered":"<p>L&#8217;attivit\u00e0 della Consulta \u00e8 coordinata dall&#8217;Ufficio di Presidenza e dal Comitato esecutivo: Presidente: Silvana FERRATELLOModerati Vicepresidente: Maria Vittoria COLLIA.Do.C. Ass. Donne Capofamiglia Comitato esecutivo: Claudia APOSTOLOSinistra EcologistaMonica NEGROLIONS ClubTeresa NICOLINIA.I.D.D.A. Ass. Imprenditrici Donne Dirigenti AziendaBeatrice RINAUDOForza ItaliaStefania PISANOPartito Democratico Fanno parte della consulta: le Consigliere Comunali con diritto di voto solo per la rappresentante di [&hellip;]<\/p>\n","protected":false},"author":1,"featured_media":0,"parent":0,"menu_order":0,"comment_status":"closed","ping_status":"closed","template":"","meta":{"footnotes":""},"class_list":["post-7","page","type-page","status-publish","hentry"],"_links":{"self":[{"href":"https:\/\/consulte.comune.torino.it\/consultafemminile\/wp-json\/wp\/v2\/pages\/7","targetHints":{"allow":["GET"]}}],"collection":[{"href":"https:\/\/consulte.comune.torino.it\/consultafemminile\/wp-json\/wp\/v2\/pages"}],"about":[{"href":"https:\/\/consulte.comune.torino.it\/consultafemminile\/wp-json\/wp\/v2\/types\/page"}],"author":[{"embeddable":true,"href":"https:\/\/consulte.comune.torino.it\/consultafemminile\/wp-json\/wp\/v2\/users\/1"}],"replies":[{"embeddable":true,"href":"https:\/\/consulte.comune.torino.it\/consultafemminile\/wp-json\/wp\/v2\/comments?post=7"}],"version-history":[{"count":7,"href":"https:\/\/consulte.comune.torino.it\/consultafemminile\/wp-json\/wp\/v2\/pages\/7\/revisions"}],"predecessor-version":[{"id":69,"href":"https:\/\/consulte.comune.torino.it\/consultafemminile\/wp-json\/wp\/v2\/pages\/7\/revisions\/69"}],"wp:attachment":[{"href":"https:\/\/consulte.comune.torino.it\/consultafemminile\/wp-json\/wp\/v2\/media?parent=7"}],"curies":[{"name":"wp","href":"https:\/\/api.w.org\/{rel}","templated":true}]}}